{"id":467,"date":"2022-01-17T15:02:05","date_gmt":"2022-01-17T14:02:05","guid":{"rendered":"http:\/\/schlau-rlp.de\/?page_id=467"},"modified":"2024-08-20T10:17:24","modified_gmt":"2024-08-20T08:17:24","slug":"ansprechperson","status":"publish","type":"page","link":"https:\/\/schlau-rlp.de\/?page_id=467","title":{"rendered":"Pr\u00e4vention"},"content":{"rendered":"\n<p><strong>Hier&nbsp;findet&nbsp;Ihr&nbsp;alle&nbsp;Infos&nbsp;zu&nbsp;unseren&nbsp;beiden&nbsp;Ansprechpersonen&nbsp;&#8220;Pr\u00e4vention&#8221;.&nbsp;<\/strong><\/p>\n\n\n\n<p><strong>Bitte&nbsp;wenden&nbsp;sie&nbsp;sich&nbsp;zwecks&nbsp;Workshopsanfragen&nbsp;und&nbsp;Infos&nbsp;dazu&nbsp;an:&nbsp;kontakt@schlau-rlp.de<\/strong><\/p>\n\n\n\n<p><\/p>\n\n\n\n<p><\/p>\n\n\n\n<p><\/p>\n\n\n<div class=\"wp-block-image\">\n<figure class=\"alignright is-resized\"><img loading=\"lazy\" decoding=\"async\" width=\"768\" height=\"1024\" src=\"http:\/\/schlau-rlp.de\/wp-content\/uploads\/2024\/06\/WhatsApp-Bild-2024-06-16-um-12.28.58_b1d792a9-768x1024.jpg\" alt=\"\" class=\"wp-image-518\" style=\"width:275px;height:386px\" srcset=\"https:\/\/schlau-rlp.de\/wp-content\/uploads\/2024\/06\/WhatsApp-Bild-2024-06-16-um-12.28.58_b1d792a9-768x1024.jpg 768w, https:\/\/schlau-rlp.de\/wp-content\/uploads\/2024\/06\/WhatsApp-Bild-2024-06-16-um-12.28.58_b1d792a9-225x300.jpg 225w, https:\/\/schlau-rlp.de\/wp-content\/uploads\/2024\/06\/WhatsApp-Bild-2024-06-16-um-12.28.58_b1d792a9-95x126.jpg 95w, https:\/\/schlau-rlp.de\/wp-content\/uploads\/2024\/06\/WhatsApp-Bild-2024-06-16-um-12.28.58_b1d792a9.jpg 1536w\" sizes=\"(max-width: 768px) 100vw, 768px\" \/><figcaption class=\"wp-element-caption\">Lou<\/figcaption><\/figure><\/div>\n\n\n<p><strong>Hallo ich bin Lou! <\/strong>Ich bin nicht-bin\u00e4r, Pronomen sind mir egal, einfach wo es geht weglassen.   <br>Ich bin Ansprechperson zum Thema Pr\u00e4vention bei SCHLAU RLP, 23 Jahre alt und seit 2020  bei SCHLAU Mainz aktiv. In Mainz studiere ich Psychologie und engagiere  mich schon lange in der ehrenamtlichen Kinder- und Jugendarbeit. <br>Mir ist wichtig, dass sich alle im Team wohlf\u00fchlen und pers\u00f6nliche Grenzen ernst genommen werden. <br>Du  f\u00fchlst dich unwohl? Du hast etwas Komisches beobachtet? Bei einem  Workshop oder Teamtreffen ist etwas passiert und jetzt bist du dir  unsicher, wohin damit? <br>Komm gerne auf mich zu, ich habe f\u00fcr alle ein offenes Ohr! &nbsp; <\/p>\n\n\n\n<p><\/p>\n\n\n<div class=\"wp-block-image\">\n<figure class=\"alignleft is-resized\"><img loading=\"lazy\" decoding=\"async\" width=\"768\" height=\"1024\" src=\"http:\/\/schlau-rlp.de\/wp-content\/uploads\/2024\/06\/WhatsApp-Bild-2024-06-16-um-12.28.58_d324317d-768x1024.jpg\" alt=\"\" class=\"wp-image-519\" style=\"width:275px;height:386px\" srcset=\"https:\/\/schlau-rlp.de\/wp-content\/uploads\/2024\/06\/WhatsApp-Bild-2024-06-16-um-12.28.58_d324317d-768x1024.jpg 768w, https:\/\/schlau-rlp.de\/wp-content\/uploads\/2024\/06\/WhatsApp-Bild-2024-06-16-um-12.28.58_d324317d-225x300.jpg 225w, https:\/\/schlau-rlp.de\/wp-content\/uploads\/2024\/06\/WhatsApp-Bild-2024-06-16-um-12.28.58_d324317d-95x126.jpg 95w, https:\/\/schlau-rlp.de\/wp-content\/uploads\/2024\/06\/WhatsApp-Bild-2024-06-16-um-12.28.58_d324317d.jpg 1536w\" sizes=\"(max-width: 768px) 100vw, 768px\" \/><figcaption class=\"wp-element-caption\">Kim<\/figcaption><\/figure><\/div>\n\n\n<p class=\"has-text-align-left\"><strong>Hallo! Ich bin Kim<\/strong>, 26 Jahre alt und benutze die Pronomen sie\/ihr. Ich bin die weibliche Ansprechperson von SCHLAU RLP. Im August 2018 kam ich zu SCHLAU Mainz ins Team und habe zuvor schon Erfahrung im Bereich Arbeit mit Kindern gemacht. Ich studiere w\u00e4hrenddessen Buchwissenschaft in Mainz. Mir sind Grenzen sowohl innerhalb als auch au\u00dferhalb von unseren Teams sehr wichtig, welche man immer zu respektieren hat, auch wenn man sie im ersten Moment nicht direkt verstehen kann.<\/p>\n\n\n\n<p><strong>Schreib Lou an<\/strong>: <a rel=\"noreferrer noopener\" href=\"mailto:louansprechen@schlau-rlp.de\" target=\"_blank\">louansprechen@schlau-rlp.de<\/a><\/p>\n\n\n\n<p><strong>Schreib Kim an<\/strong>: <a href=\"mailto:kimansprechen@schlau-rlp.de\">kimansprechen@schlau-rlp.de<\/a><\/p>\n\n\n\n<p><strong>Du interessierst dich f\u00fcr einen Workshop? Schreibe uns an:<\/strong> <a href=\"mailto:info@schlau-rlp.de\">info@schlau-rlp.de<\/a><\/p>\n","protected":false},"excerpt":{"rendered":"<p>Hier&nbsp;findet&nbsp;Ihr&nbsp;alle&nbsp;Infos&nbsp;zu&nbsp;unseren&nbsp;beiden&nbsp;Ansprechpersonen&nbsp;&#8220;Pr\u00e4vention&#8221;.&nbsp; Bitte&nbsp;wenden&nbsp;sie&nbsp;sich&nbsp;zwecks&nbsp;Workshopsanfragen&nbsp;und&nbsp;Infos&nbsp;dazu&nbsp;an:&nbsp;kontakt@schlau-rlp.de Hallo ich bin Lou! Ich bin nicht-bin\u00e4r, Pronomen sind mir egal, einfach wo es geht weglassen. Ich bin Ansprechperson zum Thema Pr\u00e4vention bei SCHLAU RLP, 23 Jahre alt und seit 2020 bei SCHLAU Mainz aktiv. In Mainz studiere ich Psychologie und engagiere mich schon lange in der ehrenamtlichen Kinder- und Jugendarbeit. Mir ist [&hellip;]<\/p>\n","protected":false},"author":3,"featured_media":0,"parent":0,"menu_order":0,"comment_status":"closed","ping_status":"closed","template":"","meta":{"spay_email":"","footnotes":""},"class_list":["post-467","page","type-page","status-publish","hentry"],"_links":{"self":[{"href":"https:\/\/schlau-rlp.de\/index.php?rest_route=\/wp\/v2\/pages\/467"}],"collection":[{"href":"https:\/\/schlau-rlp.de\/index.php?rest_route=\/wp\/v2\/pages"}],"about":[{"href":"https:\/\/schlau-rlp.de\/index.php?rest_route=\/wp\/v2\/types\/page"}],"author":[{"embeddable":true,"href":"https:\/\/schlau-rlp.de\/index.php?rest_route=\/wp\/v2\/users\/3"}],"replies":[{"embeddable":true,"href":"https:\/\/schlau-rlp.de\/index.php?rest_route=%2Fwp%2Fv2%2Fcomments&post=467"}],"version-history":[{"count":15,"href":"https:\/\/schlau-rlp.de\/index.php?rest_route=\/wp\/v2\/pages\/467\/revisions"}],"predecessor-version":[{"id":586,"href":"https:\/\/schlau-rlp.de\/index.php?rest_route=\/wp\/v2\/pages\/467\/revisions\/586"}],"wp:attachment":[{"href":"https:\/\/schlau-rlp.de\/index.php?rest_route=%2Fwp%2Fv2%2Fmedia&parent=467"}],"curies":[{"name":"wp","href":"https:\/\/api.w.org\/{rel}","templated":true}]}}

Prävention

<p><strong>Hier&nbsp;findet&nbsp;Ihr&nbsp;alle&nbsp;Infos&nbsp;zu&nbsp;unseren&nbsp;beiden&nbsp;Ansprechpersonen&nbsp;&#8220;Prävention&#8221;.&nbsp;</strong></p>



<p><strong>Bitte&nbsp;wenden&nbsp;sie&nbsp;sich&nbsp;zwecks&nbsp;Workshopsanfragen&nbsp;und&nbsp;Infos&nbsp;dazu&nbsp;an:&nbsp;kontakt@schlau-rlp.de</strong></p>



<p></p>



<p></p>



<p></p>


<div class="wp-block-image">
<figure class="alignright is-resized"><img loading="lazy" decoding="async" width="768" height="1024" src="http://schlau-rlp.de/wp-content/uploads/2024/06/WhatsApp-Bild-2024-06-16-um-12.28.58_b1d792a9-768x1024.jpg" alt="" class="wp-image-518" style="width:275px;height:386px" srcset="https://schlau-rlp.de/wp-content/uploads/2024/06/WhatsApp-Bild-2024-06-16-um-12.28.58_b1d792a9-768x1024.jpg 768w, https://schlau-rlp.de/wp-content/uploads/2024/06/WhatsApp-Bild-2024-06-16-um-12.28.58_b1d792a9-225x300.jpg 225w, https://schlau-rlp.de/wp-content/uploads/2024/06/WhatsApp-Bild-2024-06-16-um-12.28.58_b1d792a9-95x126.jpg 95w, https://schlau-rlp.de/wp-content/uploads/2024/06/WhatsApp-Bild-2024-06-16-um-12.28.58_b1d792a9.jpg 1536w" sizes="(max-width: 768px) 100vw, 768px" /><figcaption class="wp-element-caption">Lou</figcaption></figure></div>


<p><strong>Hallo ich bin Lou! </strong>Ich bin nicht-binär, Pronomen sind mir egal, einfach wo es geht weglassen.   <br>Ich bin Ansprechperson zum Thema Prävention bei SCHLAU RLP, 23 Jahre alt und seit 2020  bei SCHLAU Mainz aktiv. In Mainz studiere ich Psychologie und engagiere  mich schon lange in der ehrenamtlichen Kinder- und Jugendarbeit. <br>Mir ist wichtig, dass sich alle im Team wohlfühlen und persönliche Grenzen ernst genommen werden. <br>Du  fühlst dich unwohl? Du hast etwas Komisches beobachtet? Bei einem  Workshop oder Teamtreffen ist etwas passiert und jetzt bist du dir  unsicher, wohin damit? <br>Komm gerne auf mich zu, ich habe für alle ein offenes Ohr! &nbsp; </p>



<p></p>


<div class="wp-block-image">
<figure class="alignleft is-resized"><img loading="lazy" decoding="async" width="768" height="1024" src="http://schlau-rlp.de/wp-content/uploads/2024/06/WhatsApp-Bild-2024-06-16-um-12.28.58_d324317d-768x1024.jpg" alt="" class="wp-image-519" style="width:275px;height:386px" srcset="https://schlau-rlp.de/wp-content/uploads/2024/06/WhatsApp-Bild-2024-06-16-um-12.28.58_d324317d-768x1024.jpg 768w, https://schlau-rlp.de/wp-content/uploads/2024/06/WhatsApp-Bild-2024-06-16-um-12.28.58_d324317d-225x300.jpg 225w, https://schlau-rlp.de/wp-content/uploads/2024/06/WhatsApp-Bild-2024-06-16-um-12.28.58_d324317d-95x126.jpg 95w, https://schlau-rlp.de/wp-content/uploads/2024/06/WhatsApp-Bild-2024-06-16-um-12.28.58_d324317d.jpg 1536w" sizes="(max-width: 768px) 100vw, 768px" /><figcaption class="wp-element-caption">Kim</figcaption></figure></div>


<p class="has-text-align-left"><strong>Hallo! Ich bin Kim</strong>, 26 Jahre alt und benutze die Pronomen sie/ihr. Ich bin die weibliche Ansprechperson von SCHLAU RLP. Im August 2018 kam ich zu SCHLAU Mainz ins Team und habe zuvor schon Erfahrung im Bereich Arbeit mit Kindern gemacht. Ich studiere währenddessen Buchwissenschaft in Mainz. Mir sind Grenzen sowohl innerhalb als auch außerhalb von unseren Teams sehr wichtig, welche man immer zu respektieren hat, auch wenn man sie im ersten Moment nicht direkt verstehen kann.</p>



<p><strong>Schreib Lou an</strong>: <a rel="noreferrer noopener" href="mailto:louansprechen@schlau-rlp.de" target="_blank">louansprechen@schlau-rlp.de</a></p>



<p><strong>Schreib Kim an</strong>: <a href="mailto:kimansprechen@schlau-rlp.de">kimansprechen@schlau-rlp.de</a></p>



<p><strong>Du interessierst dich für einen Workshop? Schreibe uns an:</strong> <a href="mailto:info@schlau-rlp.de">info@schlau-rlp.de</a></p>

<p>Hier&nbsp;findet&nbsp;Ihr&nbsp;alle&nbsp;Infos&nbsp;zu&nbsp;unseren&nbsp;beiden&nbsp;Ansprechpersonen&nbsp;&#8220;Prävention&#8221;.&nbsp; Bitte&nbsp;wenden&nbsp;sie&nbsp;sich&nbsp;zwecks&nbsp;Workshopsanfragen&nbsp;und&nbsp;Infos&nbsp;dazu&nbsp;an:&nbsp;kontakt@schlau-rlp.de Hallo ich bin Lou! Ich bin nicht-binär, Pronomen sind mir egal, einfach wo es geht weglassen. Ich bin Ansprechperson zum Thema Prävention bei SCHLAU RLP, 23 Jahre alt und seit 2020 bei SCHLAU Mainz aktiv. In Mainz studiere ich Psychologie und engagiere mich schon lange in der ehrenamtlichen Kinder- und Jugendarbeit. Mir ist [&hellip;]</p>
